 Calculate the highest common factor of a and v.
13
Let b be 3*(84/3 + 3). Suppose 4*f + 29 = b. Suppose 0*j = j - 16. Calculate the greatest common divisor of j and f.
16
Let r = 1 - -18. Let j be (1*8)/((-16)/24). Let u = j + r. What is the greatest common divisor of u and 35?
7
Let m = 14 - -45. What is the highest common factor of 118 and m?
59
Suppose -4*l + 16 = -8*l, -3*a - 4*l = -29. Let w = -32 - -62. Calculate the greatest common divisor of w and a.
15
Let m = 254 - 56. Let i be 1/8 - -286*2/32. What is the highest common divisor of m and i?
18
Let c be (-39)/(-4) - (-1)/4. Suppose 0 = -f + 14 + c. Suppose -3*m + 30 + 13 = q, q = m - 21. What is the greatest common divisor of m and f?
8
Let a be -1 + 585 - 10/(-10). Calculate the highest common divisor of 351 and a.
117
Suppose -x + 1312 = 3*h - 3*x, 4*h + 5*x - 1780 = 0. Suppose 12*j - 17*j = -h. Calculate the highest common factor of 8 and j.
8
Let l be ((-52)/(-6) - 4/(-3))/(-1). Let p be l + 1 - -4 - -59. Calculate the greatest common divisor of 378 and p.
54
Suppose 24 - 11 = r. Let w be 6 - (264/(-4))/2. Calculate the highest common factor of w and r.
13
Let h = -140 + 344. Calculate the highest common factor of h and 272.
68
Let z be (-13 - (-386)/30) + 7022/15. Calculate the highest common divisor of 52 and z.
52
Let x be (-3)/2 - -3*(-1016)/(-48). What is the highest common divisor of x and 775?
31
Let d = -1202 - -1547. What is the greatest common factor of d and 1150?
115
Suppose 0 = 3*m - b - 2511, b + b + 3350 = 4*m. What is the highest common divisor of m and 44?
44
Let n be 1/(0 - (-3)/(-9)). Let a = -1 - n. Let h = a - -4. Calculate the greatest common factor of h and 30.
6
Let s be (-602)/(-28)*(1 + 1). Suppose 163 = 8*k + s. Calculate the greatest common divisor of 3 and k.
3
Let w = 64 + -33. Calculate the greatest common factor of w and 496.
31
Let n be (-45)/(-10)*22/3. Suppose -3*d - 5*a = -138, 3*a - 279 = -5*d - n. Let q = d + 89. What is the highest common factor of q and 20?
20
Let h(i) = 19*i - 216. Let p be h(12). What is the greatest common divisor of p and 69?
3
Let u = 17 + -12. Suppose -49 = -4*i - 2*f - 17, 0 = 4*i - 5*f - 18. Let c = i - -18. Calculate the highest common divisor of u and c.
5
Suppose -j = -3*j. Suppose -2*v = -5*z + 19, z - 2*v = -j + 7. Suppose 0 = z*w + w - 480. What is the highest common divisor of w and 48?
24
Suppose -6*v = -2*v - 108. Let b = 36 - v. What is the highest common divisor of b and 9?
9
Let q = 104 + -93. Let x be 3*(194/6 - 0). Let d = 196 - x. Calculate the highest common divisor of q and d.
11
Let q be -1*(4 - 1)*-1. Let t = 156 + -278. Let s = t - -124. What is the highest common factor of s and q?
1
Let i be (16/12)/(1/33). Suppose 7*g - 508 = 262. Calculate the greatest common factor of i and g.
22
Let x be ((84/(-5))/6)/(2/(-10)). Let b = 20 + -13. What is the highest common factor of x and b?
7
Suppose 2*o = -90*z + 88*z + 50, -3*o = -4*z + 121. Suppose 3*v = -0*v + 42. What is the highest common factor of z and v?
14
Suppose 0 = 2*q + 3*t - 7, -5*q + 0*t + 2*t + 8 = 0. Suppose -165 = -5*s - q*r, -r - 135 = -4*s - 2*r. Calculate the highest common factor of s and 315.
35
Suppose 0 = n + 5*r - 5, -n + 6 = -4*r - 44. What is the highest common divisor of 80 and n?
10
Let b be ((-5)/5)/(6/(-2076)). Suppose -5*q + 10 = -10*q, 2*f = 3*q + b. Calculate the greatest common divisor of f and 68.
34
Let i = -3 + 1. Let j be (-3 - -6) + (2 - i). Calculate the highest common divisor of j and 56.
7
Suppose 0 = 31*y - 39*y + 48. Calculate the greatest common factor of y and 3.
3
Suppose 500 = 10*s - 5*s - 4*h, 3*s + 4*h - 300 = 0. What is the greatest common factor of 220 and s?
20
Suppose -618 = 2*q - 3*v - 2*v, 2*v + 1260 = -4*q. Let u = q - -449. Let n = 4 + 11. Calculate the greatest common divisor of u and n.
15
Let v be 6292/36 - 44/(-198). Calculate the highest common divisor of v and 455.
35
Suppose -o = 18*o + 19. Let b be (-3)/(-1) - 7/7*o. Calculate the greatest common divisor of 44 and b.
4
Let m be ((-3)/2 - -2)*46/1. Let z(f) = f**2 - 22*f - 21. Let c be z(m). Calculate the greatest common divisor of 22 and c.
2
Let z(h) = 2*h - 44. Let o be z(24). Suppose -3*w - 4*t + 189 = -0*w, 4*w - o*t - 252 = 0. Calculate the greatest common factor of 9 and w.
9
Suppose 0 = 4*j - 2*c - 282, -j = -0*j - c - 71. Suppose -u = 4*u - j. Let o(r) = -8*r. Let v be o(-7). Calculate the greatest common factor of u and v.
14
Suppose 5*b + b = -72. Let n be b/20 - 166/(-10). Suppose -n*l = -11*l - 20. What is the highest common divisor of l and 8?
4
Let h(d) = -d**3 - 10*d**2 - 3*d - 22. Let z be h(-10). Let y be 3*z/(-12)*(0 - 2). What is the highest common factor of 32 and y?
4
Let m = 261 + -259. What is the highest common divisor of 128 and m?
2
Suppose -z = -5*v - 383, -2*z + 0*z + 4*v + 760 = 0. Calculate the greatest common factor of 81 and z.
27
Suppose -3*f = 3*m - 114, -4*m = m + f - 202. Calculate the highest common divisor of m and 41.
41
Suppose 0 = -3*c + 12, 3*g + 4*c - 663 = 235. Suppose -g = z - 3*z + 2*u, 2*u = 5*z - 726. What is the highest common divisor of z and 16?
16
Let q(g) = 4*g. Let s be q(1). Let o(x) = -20*x**2 - 523*x - 72. Let a be o(-26). What is the greatest common divisor of a and s?
2
Suppose -57*q + 1344 = -25*q. Let a be (-1054)/(-10) + (-4)/10. Calculate the highest common divisor of a and q.
21
Let i = -851 + 877. Calculate the highest common divisor of i and 1014.
26
Let t = 11 - 15. Let x be (4/t)/(4/(-16)). Suppose -14 - 50 = -x*w. What is the highest common factor of 40 and w?
8
Let z(s) = s + 11. Let i(v) = 3*v - 1. Let o be i(3). Let g be (-29)/4 - 6/o. Let l be z(g). What is the highest common factor of 21 and l?
3
Let m(x) = -2*x**2 + 22*x - 16. Let u be m(10). Suppose -u*v + 20 = -0*v. Calculate the greatest common divisor of v and 40.
5
Let r(l) = -40*l + 9. Let p be r(-1). Suppose 3*q = 4*d + 58, -2 = q + 2*d - 8. Calculate the greatest common factor of p and q.
7
Let b be (4 - 1) + (-4 - (-34)/2). What is the highest common factor of 208 and b?
16
Let p = 502 + -465. What is the greatest common divisor of 814 and p?
37
Let h be (48 + -50)*62/(-4). Let b = -40 - -164. Calculate the highest common factor of b and h.
31
Let h(n) = 0*n + 3 + 3*n + 9 - 2*n. Let l be h(-9). Suppose -q = 4*u - 88, u + 62 = l*u + 5*q. Calculate the greatest common factor of u and 7.
7
Suppose -u = -8*u + 224. What is the highest common factor of u and 128?
32
Let w be ((-63)/(-18))/((-1)/(-10)*-1). Let r be (16/(-14))/(10/w). Suppose 2*x - 6*x = -176. Calculate the greatest common divisor of x and r.
4
Let v = 203 - 123. Calculate the highest common factor of 144 and v.
16
Let s be (-854)/(-6) - (-4)/6. Suppose -44*p + 337 = -1 - 146. What is the greatest common divisor of s and p?
11
Let o = 21 + -21. Suppose 0*x + x - 242 = o. What is the highest common factor of 22 and x?
22
Suppose -8*g = -w - 795, -4*g + 380 = -3*w - w. What is the highest common factor of 25 and g?
25
Let k be (-19 + 7)*1/(-2). Suppose 4*u - 20 + 4 = 0. Suppose -3*j + u = -j. What is the greatest common divisor of j and k?
2
Let l(r) = -r**3 + 4*r**2 + 13*r - 5. Let c be l(6). Let u be (-2)/(2/(-42)*2/c). What is the greatest common divisor of u and 21?
21
Suppose 0 = 2*t + 20 - 30. Suppose -t = -4*g + 27. Calculate the highest common divisor of g and 20.
4
Let y be (2/1 - (2 + 4)) + 14. Let g be -4*(0 + 25/(-2)). What is the greatest common factor of g and y?
10
Let p be (-1925)/35*-3*1/5. What is the greatest common divisor of p and 33?
33
Suppose 3*o + w = -53, 17 = -4*o + 4*w - 43. Let n = o + 20. Suppose -3*q + 57 = n*g + q, -3*q + 69 = 4*g. What is the highest common factor of g and 15?
15
Let v be -7*(6/9)/(168/(-972)). Let l(h) = -h**3 + 9*h**2 - 6*h + 9. Let y be l(6). What is the greatest common divisor of y and v?
27
Let i be 1 + 90 + (6 - 0 - 10). What is the highest common factor of i and 696?
87
Let s = -798 - -818. Calculate the greatest common factor of 20 and s.
20
Let f = 0 + 3. Let h be 98/5 - 2/(-5). Suppose 5*z - 10 = -t, -f*z - h = -5*t + 2*z. Calculate the greatest common factor of 15 and t.
5
Let i = -4 + 6. Suppose -5*f = 5*y - 10, -9 + 26 = f - 2*y. What is the greatest common factor of f and i?
1
Sup